{"id":21,"date":"2023-03-13T10:35:04","date_gmt":"2023-03-13T09:35:04","guid":{"rendered":"http:\/\/nozabeils.fr\/?page_id=21"},"modified":"2025-09-01T13:47:55","modified_gmt":"2025-09-01T11:47:55","slug":"mentions-legales","status":"publish","type":"page","link":"https:\/\/nozabeils.fr\/index.php\/mentions-legales\/","title":{"rendered":"Mentions l\u00e9gales"},"content":{"rendered":"\t\t<div data-elementor-type=\"wp-page\" data-elementor-id=\"21\" class=\"elementor elementor-21\">\n\t\t\t\t\t\t<section class=\"elementor-section elementor-top-section elementor-element elementor-element-2d366b6 elementor-section-boxed elementor-section-height-default elementor-section-height-default\" data-id=\"2d366b6\" data-element_type=\"section\" data-e-type=\"section\">\n\t\t\t\t\t\t<div class=\"elementor-container elementor-column-gap-default\">\n\t\t\t\t\t<div class=\"elementor-column elementor-col-100 elementor-top-column elementor-element elementor-element-f222e51\" data-id=\"f222e51\" data-element_type=\"column\" data-e-type=\"column\">\n\t\t\t<div class=\"elementor-widget-wrap elementor-element-populated\">\n\t\t\t\t\t\t<div class=\"elementor-element elementor-element-e789d2d elementor-widget elementor-widget-text-editor\" data-id=\"e789d2d\" data-element_type=\"widget\" data-e-type=\"widget\" data-widget_type=\"text-editor.default\">\n\t\t\t\t<div class=\"elementor-widget-container\">\n\t\t\t\t\t\t\t\t\t<p class=\"font_8\">Conform\u00e9ment aux dispositions de la loi n\u00b0 2004-575 du 21 juin 2004 pour la confiance en l&rsquo;\u00e9conomie num\u00e9rique, il est pr\u00e9cis\u00e9 aux utilisateurs du site NosAbeils l&rsquo;identit\u00e9 des diff\u00e9rents intervenants dans le cadre de sa r\u00e9alisation et de son suivi.<\/p>\n<p class=\"font_8\"><span style=\"text-decoration: underline;\"><strong>Edition du site<\/strong><\/span><\/p>\n<p class=\"font_8\">Le pr\u00e9sent site, accessible \u00e0 l\u2019URL\u00a0<a href=\"http:\/\/www.nosabeils.fr\/\" target=\"_blank\" rel=\"noopener\" data-auto-recognition=\"true\">www.nosabeils.fr<\/a>\u00a0(le \u00ab Site \u00bb), est \u00e9dit\u00e9 par :<\/p>\n<p class=\"font_8\">Fabrice N\u00e8gre, r\u00e9sidant 309 boulevard du g\u00e9n\u00e9ral de Gaulle, 78700 Conflans-Sainte-Honorine, de nationalit\u00e9 Fran\u00e7aise (France), n\u00e9(e) le 15\/03\/1968,<\/p>\n<p class=\"font_8\"><span style=\"text-decoration: underline;\"><strong>H\u00e9bergement<\/strong><\/span><\/p>\n<p class=\"font_8\">Le Site est h\u00e9berg\u00e9 par la soci\u00e9t\u00e9 OVH Group SA, situ\u00e9 au 2 RUE KELLERMANN, 59100 ROUBAIX France.<\/p>\n<p class=\"font_8\"><span style=\"text-decoration: underline;\"><strong>Directeur de publication<\/strong><\/span><\/p>\n<p class=\"font_8\">Le Directeur de la publication du Site est Fabrice N\u00e8gre.<\/p>\n<p class=\"font_8\"><span style=\"text-decoration: underline;\"><strong>Nous contacter<\/strong><\/span><\/p>\n<p class=\"font_8\">Par t\u00e9l\u00e9phone : +33623237481<\/p>\n<p class=\"font_8\">Par email :\u00a0<a href=\"mailto:nosabeils@yahoo.com\" data-auto-recognition=\"true\">nosabeils@yahoo.com<\/a><\/p>\n<p class=\"font_8\">Par courrier : 309 boulevard du g\u00e9n\u00e9ral de Gaulle, 78700 Conflans-Sainte-Honorine<\/p>\n<p class=\"font_8\"><span style=\"text-decoration: underline;\"><strong>Donn\u00e9es personnelles<\/strong><\/span><\/p>\n<p class=\"font_8\">Le traitement de vos donn\u00e9es \u00e0 caract\u00e8re personnel est r\u00e9gi par notre Charte du respect de la vie priv\u00e9e, disponible depuis la section \u00ab\u00a0Charte de Protection des Donn\u00e9es Personnelles\u00a0\u00bb, conform\u00e9ment au R\u00e8glement G\u00e9n\u00e9ral sur la Protection des Donn\u00e9es 2016\/679 du 27 avril 2016 (\u00abRGPD\u00bb).<\/p>\t\t\t\t\t\t\t\t<\/div>\n\t\t\t\t<\/div>\n\t\t\t\t\t<\/div>\n\t\t<\/div>\n\t\t\t\t\t<\/div>\n\t\t<\/section>\n\t\t\t\t<section class=\"elementor-section elementor-top-section elementor-element elementor-element-a5f7827 elementor-section-boxed elementor-section-height-default elementor-section-height-default\" data-id=\"a5f7827\" data-element_type=\"section\" data-e-type=\"section\">\n\t\t\t\t\t\t<div class=\"elementor-container elementor-column-gap-default\">\n\t\t\t\t\t<div class=\"elementor-column elementor-col-100 elementor-top-column elementor-element elementor-element-e0830e7\" data-id=\"e0830e7\" data-element_type=\"column\" data-e-type=\"column\">\n\t\t\t<div class=\"elementor-widget-wrap elementor-element-populated\">\n\t\t\t\t\t\t<div class=\"elementor-element elementor-element-020c17e elementor-widget elementor-widget-image\" data-id=\"020c17e\" data-element_type=\"widget\" data-e-type=\"widget\" data-widget_type=\"image.default\">\n\t\t\t\t<div class=\"elementor-widget-container\">\n\t\t\t\t\t\t\t\t\t\t\t\t\t\t\t\t<a href=\"https:\/\/nozabeils.fr\/\">\n\t\t\t\t\t\t\t<img decoding=\"async\" width=\"150\" height=\"150\" src=\"https:\/\/nozabeils.fr\/wp-content\/uploads\/2023\/03\/abeille-150x150.jpg\" class=\"attachment-thumbnail size-thumbnail wp-image-69\" alt=\"\" srcset=\"https:\/\/nozabeils.fr\/wp-content\/uploads\/2023\/03\/abeille-150x150.jpg 150w, https:\/\/nozabeils.fr\/wp-content\/uploads\/2023\/03\/abeille-300x300.jpg 300w, https:\/\/nozabeils.fr\/wp-content\/uploads\/2023\/03\/abeille-100x100.jpg 100w\" sizes=\"(max-width: 150px) 100vw, 150px\" \/>\t\t\t\t\t\t\t\t<\/a>\n\t\t\t\t\t\t\t\t\t\t\t\t\t\t\t<\/div>\n\t\t\t\t<\/div>\n\t\t\t\t\t<\/div>\n\t\t<\/div>\n\t\t\t\t\t<\/div>\n\t\t<\/section>\n\t\t\t\t<\/div>\n\t\t","protected":false},"excerpt":{"rendered":"<p>Conform\u00e9ment aux dispositions de la loi n\u00b0 2004-575 du 21 juin 2004 pour la confiance en l&rsquo;\u00e9conomie num\u00e9rique, il est pr\u00e9cis\u00e9 aux utilisateurs du site NosAbeils l&rsquo;identit\u00e9 des diff\u00e9rents intervenants dans le cadre de sa r\u00e9alisation et de son suivi. Edition du site Le pr\u00e9sent site, accessible \u00e0 l\u2019URL\u00a0www.nosabeils.fr\u00a0(le \u00ab Site \u00bb), est \u00e9dit\u00e9 par [&hellip;]<\/p>\n","protected":false},"author":1,"featured_media":0,"parent":0,"menu_order":0,"comment_status":"closed","ping_status":"closed","template":"","meta":{"footnotes":""},"class_list":["post-21","page","type-page","status-publish","hentry","entry","owp-thumbs-layout-horizontal","owp-btn-normal","owp-tabs-layout-horizontal","has-no-thumbnails","has-product-nav"],"_links":{"self":[{"href":"https:\/\/nozabeils.fr\/index.php\/wp-json\/wp\/v2\/pages\/21","targetHints":{"allow":["GET"]}}],"collection":[{"href":"https:\/\/nozabeils.fr\/index.php\/wp-json\/wp\/v2\/pages"}],"about":[{"href":"https:\/\/nozabeils.fr\/index.php\/wp-json\/wp\/v2\/types\/page"}],"author":[{"embeddable":true,"href":"https:\/\/nozabeils.fr\/index.php\/wp-json\/wp\/v2\/users\/1"}],"replies":[{"embeddable":true,"href":"https:\/\/nozabeils.fr\/index.php\/wp-json\/wp\/v2\/comments?post=21"}],"version-history":[{"count":25,"href":"https:\/\/nozabeils.fr\/index.php\/wp-json\/wp\/v2\/pages\/21\/revisions"}],"predecessor-version":[{"id":936,"href":"https:\/\/nozabeils.fr\/index.php\/wp-json\/wp\/v2\/pages\/21\/revisions\/936"}],"wp:attachment":[{"href":"https:\/\/nozabeils.fr\/index.php\/wp-json\/wp\/v2\/media?parent=21"}],"curies":[{"name":"wp","href":"https:\/\/api.w.org\/{rel}","templated":true}]}}